ainder when 125144 is divided by 124767?
377
What is the remainder when 444980 is divided by 49441?
11
Calculate the remainder when 6047504 is divided by 38519.
21
What is the remainder when 1694988 is divided by 2868?
0
What is the remainder when 2191251 is divided by 10689?
6
What is the remainder when 576220 is divided by 1778?
148
Calculate the remainder when 53437 is divided by 1161.
31
What is the remainder when 22162 is divided by 743?
615
Calculate the remainder when 154964363 is divided by 53.
48
What is the remainder when 1411422 is divided by 190?
102
What is the remainder when 10396 is divided by 1195?
836
What is the remainder when 6980797 is divided by 3490373?
51
Calculate the remainder when 153672 is divided by 153618.
54
Calculate the remainder when 18801 is divided by 8805.
1191
Calculate the remainder when 17892 is divided by 7064.
3764
What is the remainder when 653936 is divided by 63?
59
Calculate the remainder when 43873560 is divided by 110235.
30
What is the remainder when 1459570 is divided by 485471?
3157
Calculate the remainder when 19185005 is divided by 134.
91
What is the remainder when 3498705 is divided by 1184?
1169
Calculate the remainder when 200106079 is divided by 1305.
1294
What is the remainder when 7807839 is divided by 3903862?
115
Calculate the remainder when 30509 is divided by 30279.
230
Calculate the remainder when 77879 is divided by 18948.
2087
Calculate the remainder when 1143921 is divided by 27223.
555
What is the remainder when 22279 is divided by 2173?
549
What is the remainder when 1950852 is divided by 575?
452
What is the remainder when 18726636 is divided by 16?
12
What is the remainder when 54828 is divided by 354?
312
Calculate the remainder when 2299907 is divided by 37.
24
What is the remainder when 53950 is divided by 10787?
15
Calculate the remainder when 1529529 is divided by 254921.
3
What is the remainder when 48383598 is divided by 2425?
2423
Calculate the remainder when 578735 is divided by 1200.
335
Calculate the remainder when 3200321 is divided by 188231.
394
Calculate the remainder when 104745 is divided by 444.
405
What is the remainder when 13387752 is divided by 80?
72
Calculate the remainder when 46279 is divided by 338.
311
Calculate the remainder when 1666458 is divided by 21927.
6
What is the remainder when 391148 is divided by 168?
44
Calculate the remainder when 21442 is divided by 1282.
930
What is the remainder when 226137 is divided by 1285?
1262
What is the remainder when 964235 is divided by 2803?
3
What is the remainder when 17397653 is divided by 1739754?
113
Calculate the remainder when 4721254 is divided by 3777.
4
Calculate the remainder when 691656 is divided by 182.
56
Calculate the remainder when 6042011 is divided by 5385.
41
Calculate the remainder when 9162370 is divided by 373.
371
Calculate the remainder when 8387666 is divided by 244.
166
What is the remainder when 2026943 is divided by 337822?
11
What is the remainder when 1003314 is divided by 333837?
1803
Calculate the remainder when 40554295 is divided by 67.
66
Calculate the remainder when 60281 is divided by 27669.
4943
What is the remainder when 658585141 is divided by 62?
61
Calculate the remainder when 341013 is divided by 2894.
2415
Calculate the remainder when 43890 is divided by 13842.
2364
Calculate the remainder when 120637811 is divided by 1481.
1475
Calculate the remainder when 104103 is divided by 170.
63
What is the remainder when 653552 is divided by 476?
4
Calculate the remainder when 17857781 is divided by 5952590.
11
What is the remainder when 34560 is divided by 16657?
1246
What is the remainder when 19890981 is divided by 6630325?
6
What is the remainder when 500750 is divided by 664?
94
Calculate the remainder when 295492 is divided by 3143.
50
Calculate the remainder when 152116245 is divided by 2722.
2719
Calculate the remainder when 372371 is divided by 2910.
2801
What is the remainder when 16302 is divided by 16128?
174
Calculate the remainder when 22383880 is divided by 310.
20
What is the remainder when 91777 is divided by 2459?
794
Calculate the remainder when 40810 is divided by 2526.
394
Calculate the remainder when 10226362 is divided by 449.
387
What is the remainder when 3797592 is divided by 520?
32
What is the remainder when 563153 is divided by 140774?
57
Calculate the remainder when 37427263 is divided by 101.
97
What is the remainder when 55762 is divided by 1913?
285
Calculate the remainder when 12365047 is divided by 38.
37
What is the remainder when 38085 is divided by 19034?
17
Calculate the remainder when 608693 is divided by 11.
8
Calculate the remainder when 616608 is divided by 2255.
993
What is the remainder when 1046536 is divided by 5399?
4529
What is the remainder when 45576306 is divided by 549?
522
Calculate the remainder when 14234319 is divided by 692.
571
Calculate the remainder when 165325 is divided by 13692.
1021
Calculate the remainder when 545712 is divided by 111.
36
Calculate the remainder when 424695 is divided by 169.
167
Calculate the remainder when 49971318 is divided by 153.
141
Calculate the remainder when 15418655 is divided by 372.
371
Calculate the remainder when 26278 is divided by 4343.
220
Calculate the remainder when 1264600 is divided by 37.
14
What is the remainder when 4936622 is divided by 877?
866
Calculate the remainder when 6958036 is divided by 788.
784
Calculate the remainder when 699675 is divided by 2058.
2013
What is the remainder when 5905504 is divided by 1968486?
46
Calculate the remainder when 24555 is divided by 816.
75
Calculate the remainder when 2917768 is divided by 972588.
4
Calculate the remainder when 21552 is divided by 18121.
3431
What is the remainder when 318681858 is divided by 6823?
6820
What is the remainder when 1768908 is divided by 45?
3
Calculate the remainder when 626877 is divided by 156138.
2325
Calculate the remainder when 112784 is divided by 194.
70
Calculate the remainder when 63049 is divided by 162.
31
Calculate the remainder when 5018128 is divided by 57024.
16
Calculate the remainder when 2937219 is divided by 569.
41
Calculate the remainder when 11460644 is divided by 11460586.
58
What is the remainder when 18997987 is divided by 681?
130
What is the remainder when 227499 is divided by 656?
523
Calculate the remainder when 65524 is divided by 27672.
10180
What is the remainder when 2871327 is divided by 5127?
207
Calculate the remainder when 232879 is divided by 2725.
1254
Calculate the remainder when 268808390 is divided by 258.
254
What is the remainder when 33493862 is divided by 1046683?
6
What is the remainder when 7292079 is divided by 3646022?
35
What is the remainder when 59449 is divided by 3979?
3743
Calculate the remainder when 7823548 is divided by 43464.
28
Calculate the remainder when 15182671 is divided by 7591306.
59
Calculate the remainder when 5860479 is divided by 1953491.
6
What is the remainder when 37533 is divided by 923?
613
Calculate the remainder when 8869114 is divided by 2661.
1
Calculate the remainder when 527796 is divided by 497.
479
What is the remainder when 74305030 is divided by 12384165?
40
What is the remainder when 112705948 is divided by 17735?
23
Calculate the remainder when 7184 is divided by 1119.
470
Calculate the remainder when 20284688 is divided by 2841.
2789
What is the remainder when 26199559 is divided by 316?
315
What is the remainder when 24658387 is divided by 466?
463
Calculate the remainder when 922377 is divided by 257.
4
Calculate the remainder when 605590 is divided by 151384.
54
What is the remainder when 1231521 is divided by 3798?
969
What is the remainder when 2689452 is divided by 141549?
21
Calculate the remainder when 23432527 is divided by 487.
35
Calculate the remainder when 3494080 is divided by 38.
18
What is the remainder when 75461 is divided by 1299?
119
Calculate the remainder when 6158886 is divided by 1267.
1266
What is the remainder when 1014537 is divided by 1014468?
69
What is the remainder when 814765 is divided by 37028?
149
Calculate the remainder when 759924 is divided by 976.
596
Calculate the remainder when 4300971 is divided by 215041.
151
Calculate the remainder when 6528428 is divid